Is 16 a factor of 53982?
False
Is 2507725 even?
False
Is 268 a factor of 11992464?
True
Is 470 a factor of 8810420?
False
Is 19 a factor of 87007?
False
Does 6 divide 1590?
True
Does 22 divide 3294676?
True
Is 191 a factor of 17311788?
False
Is 11410875 a multiple of 75?
True
Does 5 divide 736?
False
Is 3095493 a multiple of 188?
False
Does 8 divide 295584?
True
Does 10 divide 12093566?
False
Is 5054772 a multiple of 55?
False
Is 652587 a multiple of 24?
False
Does 125 divide 1906125?
True
Is 31946961 a multiple of 1291?
False
Is 261754 a multiple of 29?
True
Is 15 a factor of 601193?
False
Is 130 a factor of 197433?
False
Does 7 divide 2266923?
False
Is 1644384 a multiple of 152?
False
Is 798 a factor of 16988464?
False
Is 926644 a multiple of 831?
False
Is 756978 a multiple of 237?
True
Is 302170 a multiple of 82?
True
Does 156 divide 791856?
True
Does 256 divide 55383?
False
Does 1026 divide 22061217?
False
Does 7 divide 1919407?
True
Is 57 a factor of 455145?
True
Is 8400 a multiple of 30?
True
Does 57 divide 11392545?
False
Is 177825 a multiple of 9?
False
Is 47892 a multiple of 39?
True
Is 237 a factor of 2554860?
True
Is 1504135 a multiple of 114?
False
Is 31 a factor of 1597191?
False
Is 13 a factor of 200330?
True
Does 22 divide 2439802?
False
Does 633 divide 231863?
False
Is 1780102 a multiple of 4?
False
Is 17 a factor of 1508415?
False
Is 82 a factor of 24309?
False
Is 127675 a multiple of 12?
False
Is 35 a factor of 5866906?
False
Is 22 a factor of 763136?
True
Does 33 divide 74980?
False
Is 139059 a multiple of 14?
False
Does 173 divide 329893?
False
Is 866 a factor of 2905430?
True
Is 15 a factor of 216695?
False
Does 593 divide 568999?
False
Is 1288854 a multiple of 7?
True
Is 263400 a multiple of 40?
True
Is 123 a factor of 532959?
True
Does 216 divide 76464?
True
Does 58 divide 752492?
True
Does 94 divide 119041?
False
Does 85 divide 995860?
True
Does 45 divide 4003671?
False
Does 51 divide 257089?
False
Does 4 divide 54044?
True
Is 764915 a multiple of 85?
True
Does 18 divide 2097420?
False
Does 6 divide 82482?
True
Is 34 a factor of 4461888?
True
Is 35 a factor of 56258?
False
Is 898570 a multiple of 118?
True
Is 4 a factor of 27394?
False
Is 188 a factor of 3164963?
False
Is 16 a factor of 494208?
True
Is 1274580 a multiple of 3?
True
Is 42 a factor of 4603914?
True
Is 53 a factor of 5310?
False
Does 20 divide 134342?
False
Does 720 divide 2919814?
False
Is 149485 a multiple of 7?
True
Is 377208 a multiple of 234?
True
Does 161 divide 152048?
False
Is 87 a factor of 222459?
True
Is 10 a factor of 274010?
True
Is 13 a factor of 62920?
True
Does 2 divide 1526752?
True
Does 298 divide 278332?
True
Is 89 a factor of 945661?
False
Does 35 divide 13063951?
False
Is 356 a factor of 387328?
True
Does 114 divide 12198?
True
Is 41081 a multiple of 2?
False
Is 120582 a multiple of 4?
False
Does 1043 divide 7215474?
True
Does 644 divide 1643488?
True
Is 38 a factor of 6610235?
False
Is 43 a factor of 324850?
False
Is 317 a factor of 802455?
False
Is 266223 a multiple of 258?
False
Is 149 a factor of 319281?
False
Is 12 a factor of 196764?
True
Does 579 divide 2278365?
True
Is 165960 a multiple of 18?
True
Is 530157 a multiple of 19?
True
Does 14 divide 1957749?
False
Is 1696995 a multiple of 5?
True
Does 12 divide 346691?
False
Is 177 a factor of 135604?
False
Is 1863 a factor of 18251811?
True
Is 1319154 a multiple of 258?
True
Is 40 a factor of 55895?
False
Does 44 divide 2071784?
True
Is 12 a factor of 14040?
True
Does 79 divide 143815?
False
Is 216060 a multiple of 195?
True
Is 15478183 a multiple of 41?
False
Is 19 a factor of 36553?
False
Does 9 divide 6686521?
False
Is 6 a factor of 146031?
False
Is 2336346 a multiple of 711?
True
Is 121438 a multiple of 202?
False
Does 42 divide 6416659?
False
Is 79 a factor of 18921?
False
Does 51 divide 545496?
True
Is 4423980 a multiple of 33?
True
Is 20 a factor of 502820?
True
Is 8 a factor of 5428712?
True
Is 516145 a multiple of 7?
True
Is 2 a factor of 59730?
True
Is 1763714 a multiple of 1032?
False
Does 189 divide 91619?
False
Does 45 divide 25785?
True
Does 434 divide 3558872?
False
Does 59 divide 121788?
False
Is 282 a factor of 416232?
True
Does 7 divide 583464?
True
Does 59 divide 26232?
False
Is 271939 a multiple of 60?
False
Does 9 divide 1091482?
False
Is 12862640 a multiple of 80?
True
Is 463688 a multiple of 8?
True
Does 4 divide 1959961?
False
Does 104 divide 1497793?
False
Is 54 a factor of 861940?
False
Does 362 divide 2162197?
False
Is 83150 a multiple of 301?
False
Is 1048275 a multiple of 225?
True
Does 32 divide 1597670?
False
Is 235950 a multiple of 50?
True
Is 122 a factor of 1007731?
False
Is 524010 a multiple of 15?
True
Is 48811 a multiple of 19?
True
Does 15 divide 16682265?
True
Is 34428 a multiple of 6?
True
Is 2188 even?
True
Is 34 a factor of 108086?
True
Is 36 a factor of 35244?
True
Is 214 a factor of 172280?
False
Is 502481 a multiple of 161?
True
Is 280 a factor of 1864857?
False
Is 11 a factor of 1936220?
True
Is 167770 a multiple of 5?
True
Is 107088 a multiple of 69?
True
Is 3 a factor of 1238283?
True
Is 19861545 a multiple of 36?
False
Is 7379600 a multiple of 19?
True
Is 71 a factor of 6129748?
False
Is 54549 a multiple of 29?
True
Does 55 divide 661669?
False
Is 513888 a multiple of 1616?
True
Is 14 a factor of 1946?
True
Does 24 divide 7703607?
False
Is 861 a factor of 5535073?
False
Does 69 divide 16299318?
True
Is 625533 a multiple of 51?
False
Is 397 a factor of 6306958?
False
Is 45139 a multiple of 162?
False
Does 85 divide 3802050?
True
Does 13 divide 53659?
False
Does 18 divide 33174?
True
Does 6 divide 11067840?
True
Does 317 divide 187347?
True
Is 24 a factor of 37968?
True
Does 174 divide 662418?
True
Does 31 divide 19856678?
True
Is 7 a factor of 4614491?
True
Is 582114 a multiple of 102?
True
Does 10 divide 1745930?
True
Is 825 a factor of 3834774?
False
Does 38 divide 28918?
True
Does 340 divide 5345820?
True
Does 9 divide 103204?
False
Is 767609 a multiple of 113?
True
Is 20 a factor of 215880?
True
Is 5770024 a multiple of 12?
False
Is 46738 even?
True
Is 15 a factor of 1970814?
False
Is 73209 even?
False
Is 3590697 a multiple of 53?
True
Does 80 divide 1270500?
False
Does 23 divide 81236?
True
Is 254 a factor of 2018030?
True
Is 2496 a factor of 2902820?
False
Does 142 divide 328955?
False
Does 117 divide 160956?
False
Is 14 a factor of 28252?
True
Is 157048 a multiple of 8?
True
Is 686140 a multiple of 273?
False
Does 106 divide 4449589?
False
Is 9829666 a multiple of 682?
True
Is 94129 a multiple of 28?
False
Is 1285728 a multiple of 708?
True
Is 1735532 a multiple of 30?
False
Is 2866080 a multiple of 27?
False
Is 3 a factor of 44208?
True
Does 2004 divide 12388728?
True
Is 352 a factor of 21627476?
False
Is 1164874 a multiple of 34?
True
Does 19 divide 598500?
True
Does 6 divide 536742?
True
Does 30 divide 20569290?
True
Does 31 divide 1345029?
False
Is 217 a factor of 543585?
True
Is 19077 a multiple of 35?
False
Does 547 divide 5765319?
False
Is 344 a factor of 134530?
False
Does 3 divide 389010?
True
Is 5 a factor of 449860?
True
Does 3 divide 31521?
True
Is 6831421 a multiple of 13?
False
Is 6058462 a multiple of 567?
False
Does 416 divide 1307488?
True
Is 27 a factor of 291842?
False
Is 44 a factor of 187088?
True
Does 164 divide 215728?
False
Is 7 a factor of 224289?
False
Is 224 a factor of 99880?
False
Is 6084411 a multiple of 232?
False
Does 84 divide 443654?
False
Is 1057680 a multiple of 144?
True
Is 12618 a multiple of 18?
True
Does 21 divide 1215973?
False
Is 63 a factor of 40291?
False
Does 35 divide 5909?
False
Is 33 a factor of 346698?
True
Is 64668 a multiple of 17?
True
Is 191952 a multiple of 8?
True
Is 93513 a multiple of 49?
False
Does 334 divide 5302726?
False
Is 4 a factor of 227064?
True
Is 1169352 a multiple of 894?
True
Is 8095616 a multiple of 15?
False
Is 111771 a multiple of 408?
False
Is 9 a factor of 165835?
False
Is 219047 a multiple of 18?
False
Does 21 divide 180656?
False
Is 375 a factor of 534375?
True
Does 302 divide 3626416?
True
Does 122 divide 1106613?
False
Is 1273 a factor of 14947566?
True
Is 3 a factor of 99067?
False
Is 2919616 a multiple of 28?
True
Is 12453576 a multiple of 11